NOAA-Style Climate Reports
Select a Year or Month report
2024: Jan Feb Mar Apr May Jun Jul Aug Sep Oct Nov Dec
2023: Jan Feb Mar Apr May Jun Jul Aug Sep Oct Nov Dec
2022: Jan Feb Mar Apr May Jun Jul Aug Sep Oct Nov Dec
2021: Jan Feb Mar Apr May Jun Jul Aug Sep Oct Nov Dec
2024: Jan Feb Mar Apr May Jun Jul Aug Sep Oct Nov Dec
2023: Jan Feb Mar Apr May Jun Jul Aug Sep Oct Nov Dec
2022: Jan Feb Mar Apr May Jun Jul Aug Sep Oct Nov Dec
2021: Jan Feb Mar Apr May Jun Jul Aug Sep Oct Nov Dec
Report for 2024 April
Daily noaa report MONTHLY CLIMATOLOGICAL SUMMARY for APR. 2024 NAME: CITY: STATE: ELEV: LAT: LONG: TEMPERATURE ( °F), RAIN (in.), WIND SPEED (mph) HEAT COOL AVG MEAN DEG DEG WIND DOM DAY TEMP HIGH TIME LOW TIME DAYS DAYS RAIN SPEED HIGH TIME DIR -------------------------------------------------------------------------------------------------------- 01 61.5 083.7 16:50 48.7 07:20 03.4 00.0 00.00 03.6 21.9 14:48 WNW 02 51.4 056.1 22:26 51.1 22:20 13.6 00.0 00.00 01.3 09.2 23:38 NE 03 63.0 073.8 14:36 50.4 02:37 02.0 00.0 00.12 03.4 24.1 14:52 SW 04 52.2 060.3 14:16 43.7 07:00 12.7 00.0 00.00 04.9 24.1 13:49 W 05 51.6 062.2 15:58 39.6 07:04 13.3 00.0 00.00 05.3 23.0 17:03 W 06 50.1 059.9 15:56 40.3 07:10 14.8 00.0 00.00 04.7 20.7 09:30 WNW 07 51.2 064.6 16:50 39.0 07:15 13.8 00.0 00.00 03.1 14.9 14:20 WNW 08 57.3 074.1 14:26 38.5 06:17 07.6 00.0 00.00 02.7 14.9 16:25 WSW 09 66.2 077.7 14:45 55.0 07:07 00.0 01.3 00.00 03.8 19.6 15:56 W 10 66.5 075.9 13:37 61.2 06:45 00.0 01.6 00.06 03.4 23.0 12:43 W 11 67.0 073.9 14:35 58.3 05:22 00.0 02.0 00.24 03.9 29.9 21:34 SSE 12 66.7 072.7 15:49 55.2 23:34 00.0 01.7 00.63 06.3 32.2 10:39 W 13 60.8 073.0 16:20 51.1 06:52 04.2 00.0 00.00 05.9 29.9 12:48 W 14 62.9 079.7 16:05 41.5 06:55 02.0 00.0 00.00 02.8 18.4 16:18 WSW 15 74.4 090.3 15:59 57.7 06:26 00.0 09.5 00.00 03.6 18.4 15:08 WSW 16 69.1 069.1 00:00 69.1 00:00 00.0 04.1 00.00 02.3 03.5 00:00 NNE 17 71.3 080.6 14:57 69.1 14:54 00.0 06.3 00.00 02.3 12.7 22:25 NNW 18 69.3 080.4 11:39 52.7 00:00 00.0 04.4 00.00 03.0 13.8 02:04 N 19 53.9 063.7 15:52 49.6 06:47 11.1 00.0 00.06 02.6 13.8 14:38 ENE 20 60.9 073.0 13:01 52.7 00:11 04.0 00.0 00.00 01.4 12.7 12:02 W 21 50.9 058.1 05:48 47.5 21:04 14.1 00.0 00.17 02.2 13.8 13:06 N 22 49.4 057.7 16:20 38.8 23:53 15.5 00.0 00.00 02.3 13.8 13:38 N 23 52.7 070.2 14:32 34.9 06:51 12.2 00.0 00.00 02.4 23.0 15:57 SSW 24 56.8 064.4 10:24 51.1 22:36 08.2 00.0 00.04 03.0 18.4 09:48 W 25 53.5 062.4 09:26 46.2 00:00 11.4 00.0 00.00 03.0 16.1 15:41 NNE 26 52.4 062.2 14:04 43.9 02:49 12.6 00.0 00.00 02.5 13.8 15:17 NE -------------------------------------------------------------------------------------------------------- 59.3 (59.7) 90.3 day 15 34.9 day 23 176.5 030.9 01.33 03.3 32.2 day 13 WNW Max > 86: 1 Min < 86: 26 Max Rain: 0.63 ON 12-04-24 Days of Rain: 7 (> .008in) 4 (> .08in) 0 (> 0.8in)