nws-alerts: Checking more than four warning/county codes can delay the loading of your pages. You should use a cron job to get the data.

NOAA-Style Climate Reports

Select a Year or Month report
2024: Jan Feb Mar Apr May Jun Jul Aug Sep Oct Nov Dec
2023: Jan Feb Mar Apr May Jun Jul Aug Sep Oct Nov Dec
2022: Jan Feb Mar Apr May Jun Jul Aug Sep Oct Nov Dec
2021: Jan Feb Mar Apr May Jun Jul Aug Sep Oct Nov Dec

Report for 2024 May

Daily noaa report



                            MONTHLY CLIMATOLOGICAL SUMMARY for MAY. 2024

NAME:    CITY:  STATE: 
ELEV:  LAT:  LONG: 

                            TEMPERATURE ( °F), RAIN (in.), WIND SPEED (mph)

                                               HEAT     COOL           AVG
      MEAN                                     DEG      DEG            WIND                       DOM
DAY   TEMP    HIGH   TIME     LOW    TIME      DAYS     DAYS    RAIN   SPEED    HIGH    TIME      DIR
--------------------------------------------------------------------------------------------------------
01    70.7   082.4   16:58    61.5   23:56     00.0     05.7   00.00   02.4     12.7    12:26     WNW
02    72.2   087.4   14:30    57.4   06:20     00.0     07.2   00.00   01.6     13.8    14:30      SE
03    66.0   087.3   12:23    55.8   22:14     00.0     01.0   00.00   02.9     13.8    16:20     NNE
04    63.8   075.9   15:32    56.3   06:47     01.2     00.0   00.00   02.0     11.5    16:32      NE
05    70.0   080.1   14:02    65.5   01:08     00.0     05.1   00.19   02.2     16.1    13:24     ESE
06    73.0   083.1   15:52    67.6   00:04     00.0     08.0   00.31   02.4     13.8    22:11      W 
07    72.3   084.4   15:51    65.8   00:00     00.0     07.4   00.01   02.5     13.8    10:26      W 
08    77.2   091.2   16:36    65.8   00:31     00.0     12.3   00.03   02.4     18.4    15:10     WSW
09    74.5   085.6   15:45    67.8   05:58     00.0     09.6   00.00   02.2     14.9    15:18      W 
10    66.3   080.1   12:33    54.5   00:00     00.0     01.4   00.02   03.1     17.3    11:09     NNW
11    56.8   063.7   14:57    50.5   23:16     08.2     00.0   00.01   02.3     13.8    12:22      N 
12    61.2   074.3   14:49    48.4   06:17     03.7     00.0   00.00   02.5     21.9    09:38      W 
13    61.7   075.6   13:36    46.9   06:29     03.2     00.0   00.00   02.0     14.9    17:29      SE
14    65.4   074.3   14:01    58.5   01:36     00.0     00.4   01.31   02.1     17.3    23:48     ESE
15    66.2   074.5   14:45    61.7   00:00     00.0     01.3   00.18   03.0     14.9    13:52      W 
16    68.2   080.6   14:26    57.6   05:33     00.0     03.2   00.00   02.5     20.7    11:44      W 
17    63.0   070.9   15:37    58.5   03:01     01.9     00.0   00.00   01.3     10.3    07:27     NNE
18    58.9   061.5   14:09    56.8   21:46     06.1     00.0   00.20   02.0     14.9    10:26     ENE
19    60.9   066.7   15:54    57.0   01:07     04.0     00.0   00.00   02.3     12.7    09:08     NNE
20    61.9   072.3   16:21    54.1   00:00     03.0     00.0   00.00   02.4     12.7    15:17     NNE
21    65.4   079.7   13:26    53.1   01:22     00.0     00.4   00.00   01.7     11.5    15:17      E 
22    72.9   088.0   16:24    57.2   05:35     00.0     08.0   00.00   01.8     13.8    14:00     WSW
23    77.6   089.8   16:39    67.1   06:04     00.0     12.6   00.00   02.5     16.1    10:11      W 
24    72.9   079.9   10:33    68.0   00:00     00.0     08.0   00.08   01.9     12.7    10:55      W 
--------------------------------------------------------------------------------------------------------
67.5 (68.8)   91.2  day 08     46.9  day 13   031.3    091.7   02.35   02.3     21.9   day 16     WNW
Max >  86: 5
Min <  86: 24
Max Rain: 1.31 ON 14-05-24
Days of Rain: 8 (> .008in) 5 (> .08in) 1 (> 0.8in)